{"id":30,"date":"2026-02-16T13:33:39","date_gmt":"2026-02-16T12:33:39","guid":{"rendered":"https:\/\/milflash.pl\/index.php\/home\/"},"modified":"2026-02-24T16:46:29","modified_gmt":"2026-02-24T15:46:29","slug":"home","status":"publish","type":"page","link":"https:\/\/milflash.pl\/","title":{"rendered":"Home"},"content":{"rendered":"<section class=\"bde-section-30-100 bde-section\">\n  \n  \n\t\n\n\n\n        <div class=\"section-shape-divider-wrapper section-shape-divider-wrapper--1\">\n          <span class=\"section-shape-divider\">\n                      <svg\n                xmlns=\"http:\/\/www.w3.org\/2000\/svg\"\n                viewBox=\"0 0 1440 320\"\n                preserveAspectRatio=\"none\"\n            >\n              <path d=\"M0 320v-20.89c167.712-312.421 569.904 72.089 720-176.04l.44.724C870.9 370.43 1272.456-12.999 1440 299.11V320H0Z\" fill=\"currentColor\"\/>\n            <\/svg>\n                    <\/span>\n      <\/div>\n  <div class=\"section-container\"><div class=\"bde-div-30-106 bde-div\">\n  \n  \n\t\n\n\n\n<div class=\"bde-text-30-101 bde-text\">\nSYSTEM OPERACYJNY: AKTYWNY\n<\/div><h1 class=\"bde-heading-30-102 bde-heading\">\nMILFLASH\n<\/h1><div class=\"bde-text-30-103 bde-text\">\nTactical Drone Solutions & Advanced Gear\n<\/div><div class=\"bde-text-30-104 bde-text\">\nDefiniujemy na nowo dynamik\u0119 operacji powietrznych. MILFLASH to fuzja technologii Mil-Spec z nowoczesn\u0105 modyfikacj\u0105 system\u00f3w taktycznych. Zero kompromis\u00f3w.\n<\/div><div class=\"bde-button-30-105 bde-button\">\n    \n                                    \n    \n    \n    \n    \n            \n                    \n            \n            \n\n    \n    \n    \n    \n    \n    <a class=\"breakdance-link button-atom button-atom--primary bde-button__button\" href=\"https:\/\/breakdancelibrary.com\/electronix\/shop\/\" target=\"_self\" data-type=\"url\"  >\n\n    \n        <span class=\"button-atom__text\">WEJD\u0179 DO SYSTEMU<\/span>\n\n        \n        \n                <\/a>\n\n    \n\n\n<\/div>\n<\/div><\/div>\n<\/section><section class=\"bde-section-30-107 bde-section\">\n  \n  \n\t\n\n\n\n<div class=\"section-container\"><div class=\"bde-icon-box-30-108 bde-icon-box\">\n\n    \n            <div class=\"ee-iconbox-icon breakdance-icon-atom\" >\n    \n                    <svg xmlns=\"http:\/\/www.w3.org\/2000\/svg\" width=\"18\" height=\"18\" viewBox=\"0 0 18 18\" fill=\"none\">\r\n<path d=\"M10.6308 1.14244V8.45098C10.6308 9.34806 9.90079 10.078 9.00371 10.078H0.956407C0.472689 10.078 0.0769196 9.68226 0.0769196 9.19854V3.57862C0.0769196 1.78447 1.52807 0.333313 3.32223 0.333313H9.81284C10.2702 0.333313 10.6308 0.693903 10.6308 1.14244Z\" fill=\"white\"\/>\r\n<path d=\"M17.2269 12.2064C17.4732 12.2064 17.6667 12.3998 17.6667 12.6461V13.5256C17.6667 14.9855 16.4881 16.164 15.0282 16.164C15.0282 14.7129 13.8409 13.5256 12.3897 13.5256C10.9386 13.5256 9.75128 14.7129 9.75128 16.164H7.9923C7.9923 14.7129 6.805 13.5256 5.35384 13.5256C3.90269 13.5256 2.71538 14.7129 2.71538 16.164C1.25543 16.164 0.0769196 14.9855 0.0769196 13.5256V11.7666C0.0769196 11.2829 0.472689 10.8871 0.956407 10.8871H9.31153C9.89467 10.8871 10.4539 10.6555 10.8663 10.2431C11.2786 9.8308 11.5103 9.27154 11.5103 8.68841V3.85123C11.5103 3.36751 11.906 2.97174 12.3897 2.97174H13.1285C13.7617 2.97174 14.3422 3.31474 14.6588 3.86002L15.2217 4.84505C15.3008 4.98577 15.1953 5.17046 15.0282 5.17046C14.4451 5.17046 13.8858 5.40211 13.4735 5.81445C13.0611 6.22679 12.8295 6.78604 12.8295 7.36918V10.0076C12.8295 10.5908 13.0611 11.15 13.4735 11.5624C13.8858 11.9747 14.4451 12.2064 15.0282 12.2064H17.2269Z\" fill=\"white\"\/>\r\n<path d=\"M5.35385 17.9231C5.82036 17.9231 6.26776 17.7378 6.59764 17.4079C6.92751 17.078 7.11283 16.6306 7.11283 16.1641C7.11283 15.6976 6.92751 15.2502 6.59764 14.9203C6.26776 14.5905 5.82036 14.4051 5.35385 14.4051C4.88734 14.4051 4.43994 14.5905 4.11007 14.9203C3.7802 15.2502 3.59488 15.6976 3.59488 16.1641C3.59488 16.6306 3.7802 17.078 4.11007 17.4079C4.43994 17.7378 4.88734 17.9231 5.35385 17.9231ZM12.3898 17.9231C12.8563 17.9231 13.3037 17.7378 13.6335 17.4079C13.9634 17.078 14.1487 16.6306 14.1487 16.1641C14.1487 15.6976 13.9634 15.2502 13.6335 14.9203C13.3037 14.5905 12.8563 14.4051 12.3898 14.4051C11.9232 14.4051 11.4758 14.5905 11.146 14.9203C10.8161 15.2502 10.6308 15.6976 10.6308 16.1641C10.6308 16.6306 10.8161 17.078 11.146 17.4079C11.4758 17.7378 11.9232 17.9231 12.3898 17.9231ZM17.6667 9.59434V10.8872H15.0282C14.5445 10.8872 14.1487 10.4914 14.1487 10.0077V7.36923C14.1487 6.88552 14.5445 6.48975 15.0282 6.48975H16.1628L17.438 8.72364C17.5875 8.98749 17.6667 9.28651 17.6667 9.59434Z\" fill=\"white\"\/>\r\n<\/svg>\n        \n        \n        \n            <\/div>\n    \n\n<div class=\"ee-iconbox-content\">\n      <h3 class=\"ee-iconbox-title bde-h3\" >Tactical Precision<\/h3>\n        <div class=\"ee-iconbox-text\" >Systemy naprowadzania oparte na standardach Mil-Spec, gwarantuj\u0105ce chirurgiczn\u0105 dok\u0142adno\u015b\u0107.<\/div>\n    <\/div>\n\n<\/div><div class=\"bde-icon-box-30-109 bde-icon-box\">\n\n    \n            <div class=\"ee-iconbox-icon breakdance-icon-atom\" >\n    \n                    <svg xmlns=\"http:\/\/www.w3.org\/2000\/svg\" width=\"19\" height=\"18\" viewBox=\"0 0 19 18\" fill=\"none\">\r\n<path d=\"M0.997838 15.0061C0.635437 15.0061 0.334909 14.7056 0.334909 14.3432V9.30495C0.290714 6.90957 1.18346 4.64677 2.8452 2.94967C4.50694 1.26141 6.73439 0.333313 9.12977 0.333313C14.0266 0.333313 18.013 4.31973 18.013 9.21657V14.2548C18.013 14.6172 17.7125 14.9178 17.3501 14.9178C16.9877 14.9178 16.6872 14.6172 16.6872 14.2548V9.21657C16.6872 5.05337 13.3018 1.65917 9.12977 1.65917C7.08795 1.65917 5.19639 2.44585 3.79098 3.87777C2.37673 5.31854 1.62541 7.23662 1.66077 9.28728V14.3344C1.66077 14.7056 1.36908 15.0061 0.997838 15.0061Z\" fill=\"white\"\/>\r\n<path d=\"M3.81749 9.526H3.70258C1.84638 9.526 0.3349 11.0375 0.3349 12.8937V14.5554C0.3349 16.4116 1.84638 17.9231 3.70258 17.9231H3.81749C5.67369 17.9231 7.18517 16.4116 7.18517 14.5554V12.8937C7.18517 11.0375 5.67369 9.526 3.81749 9.526ZM14.6453 9.526H14.5304C12.6742 9.526 11.1627 11.0375 11.1627 12.8937V14.5554C11.1627 16.4116 12.6742 17.9231 14.5304 17.9231H14.6453C16.5015 17.9231 18.013 16.4116 18.013 14.5554V12.8937C18.013 11.0375 16.5015 9.526 14.6453 9.526Z\" fill=\"white\"\/>\r\n<\/svg>\n        \n        \n        \n            <\/div>\n    \n\n<div class=\"ee-iconbox-content\">\n      <h3 class=\"ee-iconbox-title bde-h3\" >Secure Data Link<\/h3>\n        <div class=\"ee-iconbox-text\" >Szyfrowana transmisja danych i pe\u0142na odporno\u015b\u0107 na zak\u0142\u00f3cenia sygna\u0142u w ka\u017cdych warunkach.<\/div>\n    <\/div>\n\n<\/div><div class=\"bde-icon-box-30-110 bde-icon-box\">\n\n    \n            <div class=\"ee-iconbox-icon breakdance-icon-atom\" >\n    \n                    <svg xmlns=\"http:\/\/www.w3.org\/2000\/svg\" width=\"18\" height=\"18\" viewBox=\"0 0 18 18\" fill=\"none\">\r\n<path d=\"M14.5845 4.56968H15.7376C15.5765 4.34077 15.4069 4.12881 15.2289 3.91685L14.5845 4.56968ZM14.3395 3.01815C14.1275 2.8401 13.9156 2.67054 13.6867 2.50945V3.6625L14.3395 3.01815ZM15.2382 3.9177L17.7393 1.41659C17.9852 1.17072 17.9852 0.763759 17.7393 0.517888C17.6197 0.399632 17.4582 0.333313 17.29 0.333313C17.1217 0.333313 16.9603 0.399632 16.8406 0.517888L14.3395 3.01815C14.6617 3.29793 14.9584 3.604 15.2382 3.9177ZM13.6884 1.81422C13.6884 1.46661 13.4001 1.17835 13.0525 1.17835C12.7134 1.17835 12.4421 1.44966 12.4251 1.78031C12.866 1.99227 13.2899 2.22966 13.6884 2.50945V1.81422ZM17.0797 5.20556C17.0797 4.85795 16.7914 4.56968 16.4438 4.56968H15.7401C16.0199 4.96816 16.2658 5.39208 16.4693 5.83295C16.8084 5.816 17.0797 5.54469 17.0797 5.20556ZM9.44751 11.7763H9.70186C10.0325 11.7763 10.2953 11.4795 10.2953 11.115C10.2953 10.6571 10.1682 10.5893 9.8799 10.4876L9.44751 10.3349V11.7763Z\" fill=\"white\"\/>\r\n<path d=\"M16.4761 5.83299C16.4676 5.83299 16.4591 5.84147 16.4421 5.84147H13.0508C12.966 5.84147 12.8897 5.82451 12.8049 5.7906C12.6488 5.72356 12.5244 5.59912 12.4573 5.44299C12.4302 5.36673 12.4159 5.28652 12.4149 5.2056V1.81426C12.4149 1.80579 12.4234 1.79731 12.4234 1.78035C11.3212 1.26317 10.1004 0.966431 8.81164 0.966431C4.13161 0.966431 0.333313 4.76472 0.333313 9.44476C0.333313 14.1248 4.13161 17.9231 8.81164 17.9231C13.4917 17.9231 17.29 14.1248 17.29 9.44476C17.29 8.15606 16.9932 6.93518 16.4761 5.83299ZM10.2954 9.29215C10.838 9.47867 11.5671 9.87716 11.5671 11.1235C11.5671 12.1833 10.7277 13.0565 9.70187 13.0565H9.44752V13.2685C9.44752 13.6161 9.15926 13.9044 8.81164 13.9044C8.46403 13.9044 8.17577 13.6161 8.17577 13.2685V13.0565H8.10794C6.98032 13.0565 6.05619 12.107 6.05619 10.9369C6.05619 10.5809 6.34445 10.2926 6.69206 10.2926C7.03967 10.2926 7.32794 10.5809 7.32794 10.9285C7.32794 11.3948 7.67555 11.7763 8.10794 11.7763H8.17577V9.89411L7.32794 9.59737C6.78532 9.41085 6.05619 9.01237 6.05619 7.76605C6.05619 6.70626 6.89554 5.83299 7.92142 5.83299H8.17577V5.62951C8.17577 5.2819 8.46403 4.99364 8.81164 4.99364C9.15926 4.99364 9.44752 5.2819 9.44752 5.62951V5.84147H9.51535C10.643 5.84147 11.5671 6.79104 11.5671 7.96105C11.5671 8.30867 11.2788 8.59693 10.9312 8.59693C10.5836 8.59693 10.2954 8.30867 10.2954 7.96105C10.2954 7.49475 9.94774 7.11322 9.51535 7.11322H9.44752V8.99541L10.2954 9.29215Z\" fill=\"white\"\/>\r\n<path d=\"M7.32794 7.77453C7.32794 8.23236 7.45512 8.30019 7.74338 8.40193L8.17578 8.55454V7.11322H7.92142C7.59925 7.11322 7.32794 7.40996 7.32794 7.77453Z\" fill=\"white\"\/>\r\n<\/svg>\n        \n        \n        \n            <\/div>\n    \n\n<div class=\"ee-iconbox-content\">\n      <h3 class=\"ee-iconbox-title bde-h3\" >Rapid Deployment<\/h3>\n        <div class=\"ee-iconbox-text\" >B\u0142yskawiczna gotowo\u015b\u0107 operacyjna \u2013 start systemu w mniej ni\u017c 60 sekund od rozstawienia.<\/div>\n    <\/div>\n\n<\/div><\/div>\n<\/section><section class=\"bde-section-30-111 bde-section bde-preset-71b7bb91-b97f-456e-987c-d3f7ea7cde74\">\n  \n  \n\t\n\n\n\n<div class=\"section-container\"><h2 class=\"bde-heading-30-112 bde-heading\">\nPopular categories\n<\/h2><div class=\"bde-columns-30-116 bde-columns\"><div class=\"bde-column-30-117 bde-column\">\n  \n  \n\t\n\n\n\n<div class=\"bde-div-30-119 bde-div\">\n              \n  \n  \n\t\n\n  <div class=\"section-background-overlay\"><\/div>\n\n\n<div class=\"bde-text-30-120 bde-text\">\nSuper Discount\n<\/div><h3 class=\"bde-heading-30-121 bde-heading\">\nNew Smartphones\n<\/h3><div class=\"bde-text-30-123 bde-text\">\nNec eu metus rhoncus at est curabitur.\n<\/div><div class=\"bde-button-30-124 bde-button\">\n    \n                                    \n    \n    \n    \n    \n            \n                    \n            \n            \n\n    \n    \n    \n    \n    \n    <a class=\"breakdance-link button-atom button-atom--primary bde-button__button\" href=\"https:\/\/breakdancelibrary.com\/electronix\/shop\/\" target=\"_self\" data-type=\"url\"  >\n\n    \n        <span class=\"button-atom__text\">Shop now<\/span>\n\n        \n        \n                <\/a>\n\n    \n\n\n<\/div>\n<\/div>\n<\/div><div class=\"bde-column-30-118 bde-column\">\n  \n  \n\t\n\n\n\n<div class=\"bde-columns-30-129 bde-columns\"><div class=\"bde-column-30-130 bde-column\">\n  \n  \n\t\n\n\n\n<a class=\"bde-container-link-30-135 bde-container-link breakdance-link\" href=\"https:\/\/breakdancelibrary.com\/electronix\/shop\/\" target=\"_self\" data-type=\"url\">\n              \n  \n  \n\t\n\n  <div class=\"section-background-overlay\"><\/div>\n\n\n<h3 class=\"bde-heading-30-133 bde-heading\">\nHeadsets\n<\/h3>\n\n<\/a>\n<\/div><div class=\"bde-column-30-131 bde-column\">\n  \n  \n\t\n\n\n\n<a class=\"bde-container-link-30-136 bde-container-link breakdance-link\" href=\"https:\/\/breakdancelibrary.com\/electronix\/shop\/\" target=\"_self\" data-type=\"url\">\n              \n  \n  \n\t\n\n  <div class=\"section-background-overlay\"><\/div>\n\n\n<h3 class=\"bde-heading-30-137 bde-heading\">\nSmart watches\n<\/h3>\n\n<\/a>\n<\/div><\/div><a class=\"bde-container-link-30-138 bde-container-link breakdance-link\" href=\"https:\/\/breakdancelibrary.com\/electronix\/shop\/\" target=\"_self\" data-type=\"url\">\n              \n  \n  \n\t\n\n  <div class=\"section-background-overlay\"><\/div>\n\n\n<h3 class=\"bde-heading-30-139 bde-heading\">\nHome Speakers\n<\/h3>\n\n<\/a>\n<\/div><\/div><h2 class=\"bde-heading-30-140 bde-heading\">\nOur hot deals\n<\/h2><div class=\"bde-wooproductslist-30-141 bde-wooproductslist breakdance-woocommerce\"><div class=\"woocommerce\">Nie znaleziono produkt\u00f3w.<\/div>\r\n<\/div><div class=\"bde-menu-30-208 bde-menu\">\n\n\n      \n        \n    <nav class=\"breakdance-menu breakdance-menu--collapse    \">\n    <button class=\"breakdance-menu-toggle breakdance-menu-toggle--squeeze\" type=\"button\" aria-label=\"Open Menu\" aria-expanded=\"false\" aria-controls=\"menu-208\">\n                  <span class=\"breakdance-menu-toggle-icon\">\n            <span class=\"breakdance-menu-toggle-lines\"><\/span>\n          <\/span>\n            <\/button>\n    \n  <ul class=\"breakdance-menu-list\" id=\"menu-208\">\n              \n  \n    <li class=\"breakdance-menu-item-30-218 breakdance-menu-item\" data-entrance=\"fade\">\n        \n            \n            \n\n    \n    \n    \n    \n    \n    <a class=\"breakdance-link breakdance-menu-link\" href=\"https:\/\/breakdance.com\/\" target=\"_self\" data-type=\"url\"  >\n  <h4 >\n  <h4 data-content-editable-property-path=\"content.content.text\">\n\n  Drony\n\n  <\/h4>\n  <\/h4>\n    <\/a>\n\n<\/li><li class=\"breakdance-menu-item-30-219 breakdance-menu-item\" data-entrance=\"fade\">\n        \n            \n            \n\n    \n    \n    \n    \n    \n    <a class=\"breakdance-link breakdance-menu-link\" href=\"https:\/\/breakdance.com\/\" target=\"_self\" data-type=\"url\"  >\n  <h4 >\n  <h4 data-content-editable-property-path=\"content.content.text\">\n\n  Militaria\n\n  <\/h4>\n  <\/h4>\n    <\/a>\n\n<\/li><li class=\"breakdance-menu-item-30-220 breakdance-menu-item\" data-entrance=\"fade\">\n        \n            \n            \n\n    \n    \n    \n    \n    \n    <a class=\"breakdance-link breakdance-menu-link\" href=\"https:\/\/breakdance.com\/\" target=\"_self\" data-type=\"url\"  >\n  <h4 >\n  <h4 data-content-editable-property-path=\"content.content.text\">\n\n  Tech\n\n  <\/h4>\n  <\/h4>\n    <\/a>\n\n<\/li>\n  <\/ul>\n  <\/nav>\n\n\n<\/div><\/div>\n<\/section><section class=\"bde-section-30-142 bde-section\">\n  \n  \n\t\n\n\n\n<div class=\"section-container\"><div class=\"bde-text-30-144 bde-text\">\nweekend discount\n<\/div><h2 class=\"bde-heading-30-145 bde-heading\">\nSave huge on your first purchase\n<\/h2><div class=\"bde-text-30-147 bde-text\">\n Nunc egestas nulla nunc a id vel pellentesque vitae dui. Metus a consectetur ut ultricies aliquet quam nunc morbi sed. Odio orci at fermentum et in vitae in.\n<\/div><div class=\"bde-button-30-148 bde-button\">\n    \n                        \n                        \n    \n    \n    \n    \n            \n                    \n            \n            \n\n    \n    \n    \n    \n    \n    <a class=\"breakdance-link button-atom button-atom--secondary bde-button__button\" href=\"#\" target=\"_self\" data-type=\"url\"  >\n\n    \n        <span class=\"button-atom__text\">FREE123ELECTRO<\/span>\n\n        \n        \n                <\/a>\n\n    \n\n\n<\/div><\/div>\n<\/section><section class=\"bde-section-30-149 bde-section\">\n  \n  \n\t\n\n\n\n<div class=\"section-container\"><div class=\"bde-div-30-151 bde-div\">\n  \n  \n\t\n\n\n\n<h2 class=\"bde-heading-30-150 bde-heading\">\nTrending products\n<\/h2><div class=\"bde-button-30-152 bde-button\">\n    \n                        \n                        \n    \n    \n    \n    \n            \n                    \n            \n            \n\n    \n    \n    \n    \n    \n    <a class=\"breakdance-link button-atom button-atom--custom bde-button__button\" href=\"https:\/\/breakdancelibrary.com\/electronix\/shop\/\" target=\"_self\" data-type=\"url\"  >\n\n    \n        <span class=\"button-atom__text\">view all<\/span>\n\n        \n        \n                <\/a>\n\n    \n\n\n<\/div>\n<\/div><div class=\"bde-wooproductslist-30-153 bde-wooproductslist breakdance-woocommerce\"><div class=\"woocommerce\">Nie znaleziono produkt\u00f3w.<\/div>\r\n<\/div><\/div>\n<\/section><section class=\"bde-section-30-155 bde-section\">\n              \n  \n  \n\t\n\n  <div class=\"section-background-overlay\"><\/div>\n\n\n<div class=\"section-container\"><div class=\"bde-text-30-156 bde-text\">\nSummer Savings\n<\/div><h2 class=\"bde-heading-30-157 bde-heading\">\nGet $30 discount on phones\n<\/h2><div class=\"bde-text-30-158 bde-text\">\nSenectus nulla quisque eget ut maecenas. Pellentesque et integer fringilla pellentesque. At aliquam maecenas vel nulla ac in cras.\n<\/div><div class=\"bde-button-30-159 bde-button\">\n    \n                        \n                        \n    \n    \n    \n    \n            \n                    \n            \n            \n\n    \n    \n    \n    \n    \n    <a class=\"breakdance-link button-atom button-atom--secondary bde-button__button\" href=\"#\" target=\"_self\" data-type=\"url\"  >\n\n    \n        <span class=\"button-atom__text\">USE CODE: SUMMER30<\/span>\n\n        \n        \n                <\/a>\n\n    \n\n\n<\/div><\/div>\n<\/section><section class=\"bde-section-30-161 bde-section\">\n  \n  \n\t\n\n\n\n<div class=\"section-container\"><h2 class=\"bde-heading-30-162 bde-heading\">\nTrending products\n<\/h2><div class=\"bde-wooproductslist-30-163 bde-wooproductslist breakdance-woocommerce\"><div class=\"woocommerce\">Nie znaleziono produkt\u00f3w.<\/div>\r\n<\/div><\/div>\n<\/section><section class=\"bde-section-30-164 bde-section\">\n  \n  \n\t\n\n\n\n<div class=\"section-container\"><div class=\"bde-div-30-167 bde-div\">\n  \n  \n\t\n\n\n\n<h2 class=\"bde-heading-30-168 bde-heading\">\nTop selliers\n<\/h2><div class=\"bde-button-30-169 bde-button\">\n    \n                        \n                        \n    \n    \n    \n    \n            \n                    \n            \n            \n\n    \n    \n    \n    \n    \n    <a class=\"breakdance-link button-atom button-atom--custom bde-button__button\" href=\"https:\/\/breakdancelibrary.com\/electronix\/shop\/\" target=\"_self\" data-type=\"url\"  >\n\n    \n        <span class=\"button-atom__text\">view all<\/span>\n\n        \n        \n                <\/a>\n\n    \n\n\n<\/div>\n<\/div><div class=\"bde-wooproductslist-30-166 bde-wooproductslist breakdance-woocommerce\"><div class=\"woocommerce\">Nie znaleziono produkt\u00f3w.<\/div>\r\n<\/div><\/div>\n<\/section><section class=\"bde-section-30-170 bde-section\">\n  \n  \n\t\n\n\n\n<div class=\"section-container\"><h2 class=\"bde-heading-30-171 bde-heading\">\nOur articles\n<\/h2><div class=\"bde-post-list-30-172 bde-post-list\"><div class=\"bde-loop bde-loop-grid ee-posts ee-posts-grid\">    <article class=\"bde-loop-item ee-post\">\n                                <a class=\"bde-loop-item__image-link ee-post-image-link bde-loop-item__image-top ee-posts-image-top\" href=\"https:\/\/milflash.pl\/index.php\/2026\/02\/16\/dji-avata-3-pro-nowy-krol-taktycznego-fpv-premiera-i-pelna-specyfikacja\/\" aria-label=\"DJI Avata 3 Pro: Nowy kr\u00f3l taktycznego FPV. Premiera i pe\u0142na specyfikacja\">\n                <div class=\"bde-loop-item__image ee-post-image\">\n                    <img loading=\"lazy\" decoding=\"async\" width=\"1024\" height=\"1024\" src=\"https:\/\/milflash.pl\/wp-content\/uploads\/2026\/02\/Gemini_Generated_Image_oig2okoig2okoig2.webp\" class=\"attachment-full size-full wp-post-image\" alt=\"\" srcset=\"https:\/\/milflash.pl\/wp-content\/uploads\/2026\/02\/Gemini_Generated_Image_oig2okoig2okoig2.webp 1024w, https:\/\/milflash.pl\/wp-content\/uploads\/2026\/02\/Gemini_Generated_Image_oig2okoig2okoig2-300x300.webp 300w, https:\/\/milflash.pl\/wp-content\/uploads\/2026\/02\/Gemini_Generated_Image_oig2okoig2okoig2-150x150.webp 150w, https:\/\/milflash.pl\/wp-content\/uploads\/2026\/02\/Gemini_Generated_Image_oig2okoig2okoig2-768x768.webp 768w, https:\/\/milflash.pl\/wp-content\/uploads\/2026\/02\/Gemini_Generated_Image_oig2okoig2okoig2-600x600.webp 600w\" sizes=\"auto, (max-width: 1024px) 100vw, 1024px\" \/>                <\/div>\n            <\/a>\n        \n        \n        <div class=\"bde-loop-item__wrap ee-post-wrap\">\n            \n                            <h3 class=\"ee-post-title\">\n                    <a class=\"bde-loop-item__title-link ee-post-title-link\" href=\"https:\/\/milflash.pl\/index.php\/2026\/02\/16\/dji-avata-3-pro-nowy-krol-taktycznego-fpv-premiera-i-pelna-specyfikacja\/\" >\n                        DJI Avata 3 Pro: Nowy kr\u00f3l taktycznego FPV. Premiera i pe\u0142na specyfikacja                    <\/a>\n                <\/h3>\n                            <div class=\"bde-loop-item__post-meta ee-post-meta\">\n                                                                                <span class=\"bde-loop-item__meta-date bde-loop-item__meta-item ee-post-meta-date ee-post-meta-item\">\n                                    2026-02-16                                <\/span>\n                                                \n                <\/div>\n                            <div class=\"bde-loop-item__content ee-post-content\">\n                    DJI oficjalnie zaprezentowa\u0142o nast\u0119pc\u0119 najpopularniejszego drona cinewhoop. Avata 3 Pro wprowadza system transmisji O5, wyd\u0142u\u017cony&hellip;                <\/div>\n            \n    \n                        \n                        \n    \n    \n    \n    \n            \n                    \n            \n            \n\n    \n    \n    \n    \n    \n    <a class=\"breakdance-link button-atom button-atom--custom bde-loop-item__button ee-post-button\" href=\"https:\/\/milflash.pl\/index.php\/2026\/02\/16\/dji-avata-3-pro-nowy-krol-taktycznego-fpv-premiera-i-pelna-specyfikacja\/\" target=\"_self\" data-type=\"\"  >\n\n    \n        <span class=\"button-atom__text\">continue reading<\/span>\n\n        \n        \n                <\/a>\n\n    \n\n\n\n\n            \n        <\/div>\n\n    <\/article>\n\n    <article class=\"bde-loop-item ee-post\">\n                                <a class=\"bde-loop-item__image-link ee-post-image-link bde-loop-item__image-top ee-posts-image-top\" href=\"https:\/\/milflash.pl\/index.php\/2026\/02\/16\/witaj-swiecie\/\" aria-label=\"Witaj, \u015bwiecie!\">\n                <div class=\"bde-loop-item__image ee-post-image\">\n                     <img loading=\"lazy\" decoding=\"async\" src=\"data:image\/svg+xml;base64,PHN2ZyB4bWxucz0iaHR0cDovL3d3dy53My5vcmcvMjAwMC9zdmciIHdpZHRoPSI1NDAiIGhlaWdodD0iNTQwIiB2aWV3Qm94PSIwIDAgMTQwIDE0MCI+PHBhdGggZD0iTTAgMGgxNDB2MTQwSDB6IiBmaWxsPSIjZTVlN2ViIi8+PHBhdGggZD0iTTg4IDgyLjQ2SDUxLjh2LTQuNTJsNi43NC02Ljc0YTEuMTMgMS4xMyAwIDAxMS42IDBsNS4yMyA1LjIzIDEyLjc2LTEyLjc3YTEuMTMgMS4xMyAwIDAxMS42IDBMODggNzEuOTF6IiBmaWxsPSIjZTVlN2ViIi8+PHBhdGggZD0iTTg5LjQ4IDUyLjMySDUwLjI5YTQuNTIgNC41MiAwIDAwLTQuNTIgNC41MlY4NGE0LjUzIDQuNTMgMCAwMDQuNTIgNC41MmgzOS4xOUE0LjUyIDQuNTIgMCAwMDk0IDg0VjU2Ljg0YTQuNTIgNC41MiAwIDAwLTQuNTItNC41MnptLTMzLjE2IDUuMjdhNS4yOCA1LjI4IDAgMTEtNS4yNyA1LjI4IDUuMjcgNS4yNyAwIDAxNS4yNy01LjI4ek04OCA4Mi40Nkg1MS44di00LjUybDYuNzQtNi43NGExLjEzIDEuMTMgMCAwMTEuNiAwbDUuMjMgNS4yMyAxMi43Ni0xMi43N2ExLjEzIDEuMTMgMCAwMTEuNiAwTDg4IDcxLjkxeiIgZmlsbD0iI2QxZDVkYiIvPjwvc3ZnPg==\" width=\"540\" height=\"540\" alt=\"\">                <\/div>\n            <\/a>\n        \n        \n        <div class=\"bde-loop-item__wrap ee-post-wrap\">\n            \n                            <h3 class=\"ee-post-title\">\n                    <a class=\"bde-loop-item__title-link ee-post-title-link\" href=\"https:\/\/milflash.pl\/index.php\/2026\/02\/16\/witaj-swiecie\/\" >\n                        Witaj, \u015bwiecie!                    <\/a>\n                <\/h3>\n                            <div class=\"bde-loop-item__post-meta ee-post-meta\">\n                                                                                <span class=\"bde-loop-item__meta-date bde-loop-item__meta-item ee-post-meta-date ee-post-meta-item\">\n                                    2026-02-16                                <\/span>\n                                                \n                <\/div>\n                            <div class=\"bde-loop-item__content ee-post-content\">\n                    Witamy w WordPressie. To jest tw\u00f3j pierwszy wpis. Edytuj go lub usu\u0144, a nast\u0119pnie zacznij&hellip;                <\/div>\n            \n    \n                        \n                        \n    \n    \n    \n    \n            \n                    \n            \n            \n\n    \n    \n    \n    \n    \n    <a class=\"breakdance-link button-atom button-atom--custom bde-loop-item__button ee-post-button\" href=\"https:\/\/milflash.pl\/index.php\/2026\/02\/16\/witaj-swiecie\/\" target=\"_self\" data-type=\"\"  >\n\n    \n        <span class=\"button-atom__text\">continue reading<\/span>\n\n        \n        \n                <\/a>\n\n    \n\n\n\n\n            \n        <\/div>\n\n    <\/article>\n\n<\/div><\/div><\/div>\n<\/section>","protected":false},"excerpt":{"rendered":"","protected":false},"author":1,"featured_media":0,"parent":0,"menu_order":0,"comment_status":"closed","ping_status":"closed","template":"","meta":{"_breakdance_hide_in_design_set":false,"_breakdance_tags":"","footnotes":""},"class_list":["post-30","page","type-page","status-publish","hentry"],"_links":{"self":[{"href":"https:\/\/milflash.pl\/index.php\/wp-json\/wp\/v2\/pages\/30","targetHints":{"allow":["GET"]}}],"collection":[{"href":"https:\/\/milflash.pl\/index.php\/wp-json\/wp\/v2\/pages"}],"about":[{"href":"https:\/\/milflash.pl\/index.php\/wp-json\/wp\/v2\/types\/page"}],"author":[{"embeddable":true,"href":"https:\/\/milflash.pl\/index.php\/wp-json\/wp\/v2\/users\/1"}],"replies":[{"embeddable":true,"href":"https:\/\/milflash.pl\/index.php\/wp-json\/wp\/v2\/comments?post=30"}],"version-history":[{"count":22,"href":"https:\/\/milflash.pl\/index.php\/wp-json\/wp\/v2\/pages\/30\/revisions"}],"predecessor-version":[{"id":70,"href":"https:\/\/milflash.pl\/index.php\/wp-json\/wp\/v2\/pages\/30\/revisions\/70"}],"wp:attachment":[{"href":"https:\/\/milflash.pl\/index.php\/wp-json\/wp\/v2\/media?parent=30"}],"curies":[{"name":"wp","href":"https:\/\/api.w.org\/{rel}","templated":true}]}}